 86. Suppose -5*t - 7*w = -4*w - v, 3*t = -4*w + 80. Calculate the greatest common divisor of t and m.
20
Let g(d) = -423*d + 871. Let c be g(2). What is the greatest common divisor of 1475 and c?
25
Let u be 1*((-14)/16 + (-8)/64). Let r be (u - (-87)/(-4))/((-20)/(-80)). Let m = 29 - r. What is the greatest common divisor of 80 and m?
40
Let c = -478 - -506. Let r be (-2 + -22 + 0)*c/(-6). What is the greatest common factor of r and 42?
14
Let b = 19 + -3. Let a(r) = -3*r**2 + 8*r - 421. Let u be a(0). Let i = -245 - u. Calculate the greatest common divisor of i and b.
16
Let o be 2178/330*395/3. Calculate the greatest common divisor of 1501 and o.
79
Suppose 3*x + m - 16 = -0*m, 3*x = 4*m - 4. Let p be 186/x*(-80)/(-20). What is the highest common divisor of 6 and p?
6
Suppose -2*a + 50 = -18. Let q be (4 + 141/3)/1. What is the greatest common divisor of q and a?
17
Suppose 2*o - 34 = 6*d - 2*d, 4*o - 23 = -d. Suppose 4*g - 17 = o. Let j be 45/g*64/40. Calculate the greatest common divisor of j and 6.
6
Let x = 8 + -4. Let z = -9686 - -9698. Calculate the greatest common factor of x and z.
4
Let f = 14400 - 12544. Calculate the greatest common factor of f and 522.
58
Let x(w) = w**3 + 11*w**2 - 10*w + 77. Let h be x(-11). What is the highest common divisor of h and 255?
17
Suppose -6 = 2*w - 2. Let s be 1*70/5 - (w + -2). Suppose 15*x = 17*x - 252. What is the highest common factor of s and x?
18
Suppose 116 = -4*t - 68. Let z be 24/(-10)*320/24. Let j = z - t. Calculate the greatest common divisor of j and 98.
14
Suppose -12*o + 4229 = -1116 - 415. Let h = 24 + -9. What is the highest common factor of h and o?
15
Let s = -127 - -127. Suppose s = 6*x - 214 + 70. Calculate the highest common divisor of 264 and x.
24
Let k = 55 - 51. Let n(a) = a**3 - 3*a**2 - 5*a + 1. Let t be n(k). Let j be (22/t)/(3/(-9)). Calculate the highest common divisor of j and 242.
22
Let q(w) = 4*w - 7. Let h be q(2). Suppose -p - h = -4*x, 2*p - 5*x + x = -2. Let f be 6*(p/(-15) - 12/(-20)). What is the greatest common divisor of 10 and f?
2
Let q = 117 + -15. Let n = -144 - -87. Let z = q + n. Calculate the greatest common factor of 15 and z.
15
Suppose 3*j + 877 = 4*p + 211, -2*p + 366 = 4*j. Suppose 2*s = -0*s + 570. Calculate the highest common factor of s and p.
57
Let k = 1967 - 1036. What is the highest common factor of 245 and k?
49
Let l(c) be the first derivative of 4*c**3/3 + 2*c**2 - 10*c + 35. Let s be l(2). What is the greatest common factor of s and 161?
7
Let i(y) = 41*y + 438. Let p be i(-19). Let z = p - -348. Suppose -3*t - 5*m - 108 = -4*t, 5*t = -2*m + 675. What is the greatest common factor of z and t?
7
Let w = -2047 + 2220. Calculate the highest common divisor of 6 and w.
1
Let m be (-1 - -1)/((-15)/((-30)/(-4))). Suppose m = -4*v + c + 1237, 4*v + 0*v = -2*c + 1222. What is the greatest common divisor of 88 and v?
44
Let y = 21553 + -21503. Calculate the highest common divisor of y and 20825.
25
Let f(k) = -8*k - 86. Let j(i) = 8*i + 87. Let v(n) = -4*f(n) - 3*j(n). Let o be v(-7). What is the highest common divisor of 270 and o?
27
Suppose 5*a = 5*d - 20, 3 = 4*a + 19. Let w = 4 - 1. Suppose d = -4*z - 4, w*v = 5*v + 5*z + 1. What is the highest common factor of 1 and v?
1
Let p = 326 - 326. Suppose 4*w - 5*h = 92, 2*w + 4*h = -p*w + 20. Let i(k) = 2*k + 1. Let c be i(4). What is the highest common factor of w and c?
9
Let g(y) = y**3 - y**2 - 12*y + 4. Let p be g(4). Suppose -3*r - o = -6, -9*o - 8 = -p*r - 7*o. Calculate the greatest common divisor of 14 and r.
2
Suppose 0*h = -15*h - 315. Let l(z) = -z**3 - 20*z**2 + 16*z - 47. Let o be l(h). What is the highest common factor of o and 754?
58
Suppose 2*m + 230*y - 228*y = 402, 5*m - 995 = 5*y. Let t(l) = l**2 - 11. Let n be t(6). What is the greatest common divisor of m and n?
25
Suppose -2*b + 4*v + 12 = 0, 21 = 4*b + 5*v - 16. Suppose 1298 - 786 = b*c. Calculate the highest common divisor of 832 and c.
64
Let d = -77 + 82. Suppose -d*l = 4*s - 77, 2*s - l + 3*l = 40. Calculate the greatest common factor of s and 207.
23
Let m be (-7056)/(-40) - 28/20. Calculate the greatest common factor of 315 and m.
35
Suppose 3*b = -5*j + 12, -2*b = -3*b - 3*j + 4. Let o be 3 + (-28)/b + 175. Calculate the highest common factor of 19 and o.
19
Let z(h) = -4*h - 55 + 2*h + 34. Let x be z(-30). Calculate the greatest common divisor of x and 52.
13
Let l be (-1)/(-10) + 8023092/2280. What is the highest common factor of l and 184?
23
Let a be (42/15)/(4/(-20)). Let m(g) = 269*g - 270*g - 2 - 1. Let z be m(a). What is the greatest common factor of z and 44?
11
Let v(z) = 59*z**3 + 6*z**2 - 4*z - 2. Let c be v(1). Let s = 91 - c. Calculate the highest common factor of s and 56.
8
Suppose -5*o + 74 = -3*k, -3*o + 8*o - k - 78 = 0. Let z = 38776 + -38552. What is the highest common factor of z and o?
16
Suppose -150 = -4*x + 42. Let v = -2010 + 2274. What is the greatest common divisor of v and x?
24
Suppose 0 = 2*x + 2*b - 1054, 512 = -16*x + 17*x - 2*b. What is the greatest common divisor of x and 8004?
174
Suppose -15*c + 32 = 2. Suppose -438 = -4*x - c*i, -3*x + i + 252 = -79. Let s be (-92)/(-9) - 2/9. What is the highest common divisor of s and x?
10
Let u = 14 + 18. Let w(s) = -11*s - 736. Let g be w(-72). What is the highest common factor of u and g?
8
Suppose 53*b - 234 - 482 = 238. Calculate the highest common factor of 5274 and b.
18
Let u be (-5)/((-50)/(-8)) + (-17358297)/(-1815). What is the greatest common divisor of u and 393?
131
Let d(w) = 1485*w**2 + 6*w + 27. Let f be d(-2). Calculate the highest common factor of f and 10.
5
Let i = -12407 + 12803. Suppose 5*g - 572 - 148 = 0. What is the highest common divisor of g and i?
36
Suppose -4*l = 3*v - 95, -2*l + 728 = -4*v + 796. Let d(b) = 21*b. Suppose -2*q - 5 = -7*q. Let i be d(q). What is the greatest common factor of v and i?
21
Let u(o) = -o**3 + 6*o**2 - o + 2. Suppose -47*s = -49*s + 12. Let r be u(s). Let x be 148*(-3)/15*10/r. Calculate the greatest common divisor of 111 and x.
37
Let c = 119 - -71. Suppose 5*g - c = -5*m, -3*g - 73 = -2*m - 2. Suppose m*l - 112 = 33*l. Calculate the greatest common divisor of l and 70.
14
Let t be -1*(-2 - 0 - 2). Let z be (-16)/(-12)*15/t. Calculate the greatest common factor of 80 and z.
5
Let m be (-5*8/100)/((-20)/150). Let w(y) = -3*y - 3. Let k be w(-2). Calculate the greatest common factor of k and m.
3
Let g = 13860 + -12645. Calculate the highest common factor of g and 243.
243
Suppose 1665 = 4*p - 5*i, -16*p + 2091 = -11*p - 3*i. Calculate the greatest common divisor of 1155 and p.
105
Let r = 1093 + -283. Calculate the highest common factor of r and 6156.
162
Let v = 38077 - 37963. Suppose 0 = -3*u - 5*s + 119, 4*u + 4*s - 39 = 117. What is the greatest common factor of u and v?
38
Let i(q) = -q**3 + 8*q**2 + 50*q - 12. Let y be i(12). Suppose 2*c - 711 - 33 = 0. What is the highest common factor of c and y?
12
Suppose 0*x + 11 = x. Let u(a) = -8*a - 79. Let t be u(-5). Let m be -5 + (-35)/(-2) + t/26. Calculate the highest common divisor of m and x.
11
Let h(w) = 3*w**2 - 98*w - 784. Let s be h(-9). Calculate the greatest common divisor of 124 and s.
31
Let s(d) = 211*d**2 + 49*d + 106. Let c be s(-2). What is the greatest common factor of 20 and c?
4
Let v be (2*149)/((-162)/(-324)). Calculate the highest common divisor of v and 11771.
149
Let q = -92 + -202. Let a = -77 - q. Let m be 1 - (-16)/(-14) - (-4154)/a. What is the greatest common divisor of m and 76?
19
Let v(h) = -49*h + 1. Let j be v(-13). Let p(b) = 642*b - 5720. Let s be p(9). What is the greatest common divisor of s and j?
58
Let d be -4 + 4 - 4/(-1). Suppose 671 + 485 = d*c. What is the highest common divisor of c and 17?
17
Suppose 3*a - 12 - 36 = -2*j, 5 = a - 3*j. Let y = 375 - a. What is the highest common divisor of y and 38?
19
Let w(a) = 4*a**3 - 3*a**2 + 4*a - 5. Let v be w(5). Suppose 3*c = -2*c + v. Let q be ((1 - -15) + 0)*2/4. What is the greatest common factor of c and q?
8
Suppose 127*k - 125*k + 46050 = 4*n, 2*k - 18 = 0. Calculate the greatest common divisor of 99 and n.
33
Let g = -5460 - -5712. Suppose 1 + 0 = r + c, r - 5*c = 1. Let b be r/(-3)*-2*g. What is the highest common factor of b 